{"id":68,"date":"2020-01-28T11:26:08","date_gmt":"2020-01-28T10:26:08","guid":{"rendered":"https:\/\/charlyblog.de\/?page_id=68"},"modified":"2021-03-07T17:46:18","modified_gmt":"2021-03-07T16:46:18","slug":"ueber-mich","status":"publish","type":"page","link":"https:\/\/charlyblog.de\/index.php\/ueber-mich\/","title":{"rendered":"\u00dcber mich"},"content":{"rendered":"\n<div class=\"wp-block-image\"><figure class=\"alignright size-large\"><img loading=\"lazy\" decoding=\"async\" width=\"1024\" height=\"1024\" src=\"https:\/\/charlyblog.de\/wp-content\/uploads\/2020\/08\/IMG_20200717_100652_378-2-1024x1024.jpg\" alt=\"\" class=\"wp-image-301\" srcset=\"https:\/\/charlyblog.de\/wp-content\/uploads\/2020\/08\/IMG_20200717_100652_378-2-1024x1024.jpg 1024w, https:\/\/charlyblog.de\/wp-content\/uploads\/2020\/08\/IMG_20200717_100652_378-2-300x300.jpg 300w, https:\/\/charlyblog.de\/wp-content\/uploads\/2020\/08\/IMG_20200717_100652_378-2-150x150.jpg 150w, https:\/\/charlyblog.de\/wp-content\/uploads\/2020\/08\/IMG_20200717_100652_378-2-768x768.jpg 768w, https:\/\/charlyblog.de\/wp-content\/uploads\/2020\/08\/IMG_20200717_100652_378-2-1536x1536.jpg 1536w, https:\/\/charlyblog.de\/wp-content\/uploads\/2020\/08\/IMG_20200717_100652_378-2-2048x2048.jpg 2048w, https:\/\/charlyblog.de\/wp-content\/uploads\/2020\/08\/IMG_20200717_100652_378-2-1240x1240.jpg 1240w, https:\/\/charlyblog.de\/wp-content\/uploads\/2020\/08\/IMG_20200717_100652_378-2-508x508.jpg 508w\" sizes=\"auto, (max-width: 1024px) 100vw, 1024px\" \/><\/figure><\/div>\n\n\n\n<p>Hallo Du,<\/p>\n\n\n\n<p>Sch\u00f6n, dass du den Weg zu meiner Seite gefunden hast. Jetzt willst du sicherlich mehr \u00fcber mich erfahren. Wo soll ich anfangen&#8230;<\/p>\n\n\n\n<p>Ich bin Charlotte Gl\u00e4ser und eine Studentin aus Hessen. Ich studiere seit dem Wintersemester 19\/20 Biologie gymnasial Lehramt und ab dem Wintersemester 20\/21 ist Deutsch mein zweites Fach. Biologie war schon immer meine Leidenschaft und mein Lieblingsfach in der Schule. Deutsch war nicht immer meine St\u00e4rke, aber in den letzten Jahren hat sich ein Interesse an der Sprache entwickelt. Ein gro\u00dfer Traum von mir ist es eines Tages ein eigenes Buch herauszubringen, mal sehen ob es ein Roman oder eine Sammlung meiner Gedichte wird. <\/p>\n\n\n\n<p>Jetzt denkst Du dir wahrscheinlich warum Gedichte? Wie kommt man dazu? Ich wei\u00df selber nicht, wie man dazu kommt, aber es ist passiert und deshalb m\u00f6chte ich sie hier mit Dir und vielen weiteren teilen. Wahrscheinlich , mir f\u00e4llt auf, dass ich dieses Wort h\u00e4ufig nutze, habe ich das Dichten als Ausgleich zum Lernen f\u00fcr mein Abitur gebraucht. Aber auch jetzt noch kommen immer wieder Gedichte, die Dinge verarbeiten, die mich gerade besch\u00e4ftigen. Also sind meine Gedichte auch eine Art Tagebuch nur etwas anonymer, also ohne Namen. Aber Du kannst sie dir gerne selber anschauen. <a href=\"https:\/\/charlyblog.de\/index.php\/gedichte\/\">https:\/\/charlyblog.de\/index.php\/gedichte\/<\/a><\/p>\n\n\n\n<p>Her gibt es nicht nur Gedichte zu finden, das w\u00e4re mir zu eint\u00f6nig. Ich habe wie viele Menschen auch viele Seiten. Somit gibt es auch von meinen anderen Hobbys was zu sehen.<\/p>\n\n\n\n<p>Das Fotografieren ist ein Hobby, was mich am l\u00e4ngsten schon begleitet. Es ist auch eine Leidenschaft seit meiner Kindheit.  Es begann alles mit einer rosa Digitalkamera, die ich zu meinem Geburtstag bekommen hatte&#8230;ich wei\u00df gar nicht, wo sie hingekommen ist. Dann war mein erstes Smartphone mit 14 ein Galaxy S4 zoom. Es sah von der R\u00fcckseite wie eine Kamera aus, viele waren davon \u00fcberzeugt, dass es eine  Handyh\u00fclle ist. Das Objektivist auch beim Starten der Kamera herausgefahren. Dann habe ich mir auch eine richtige Kamera gekauft, eine Nikon 1 aw 1. Eine wasserfeste und sto\u00dfsichere Systemkamera, leider wird sie seit 2017 nicht mehr produziert. Mein Zoom hatte ich 4 Jahre lang, es ist mir dann leider heruntergefallen und kaputt gegangen. Jetzt habe ich ein Huawei Mate 20 Pro und bin sehr zufrieden damit, aber das soll jetzt keine Werbung werden. Inzwischen habe ich auch eine Nikon D3500. <\/p>\n\n\n\n<p>Um von den weiteren Hobbys zu sprechen kommen wir erstmal zu dem, was alles vereinigt n\u00e4mlich mein Instagramaccount. Anhand des Namens kann ich noch weitere Punkte zu dieser Seite erl\u00e4utern<\/p>\n\n\n\n<p>Auf Instagram hei\u00dft mein Hauptaccount:<strong> charly.spring.poodle<\/strong>. Jetzt gibt es drei Accounts, einmal den Hauptaccount <strong>charly.spring.poodle<\/strong>, dann <strong>charly.spring.nature<\/strong> und <strong>blackpoodle_lizzy<\/strong>. An dem Namen des urspr\u00fcnglichen Accounts l\u00e4sst sich ablesen, was urspr\u00fcngliche Inhalt war. <\/p>\n\n\n\n<p>&#8222;Charly&#8220; wollte ich als K\u00fcnstlernamen verwenden, was ich auch hier beibehalten werde. <\/p>\n\n\n\n<p>&#8222;Spring&#8220; sollte f\u00fcr den Fr\u00fchling und die Natur stehen. Den Account habe ich im Fr\u00fchling gestartet und der Fr\u00fchling ist auch meine absolute Lieblingsjahreszeit. Die Natur stand auch im Mittelpunkt meines Accounts. Da aber die Naturbilder nur noch einen kleinen Teil von meinem Content ausgemacht haben, entstand der Account  <strong>charly.spring.nature<\/strong>.<\/p>\n\n\n\n<p>Und zum Schluss &#8222;poodle&#8220; aus dem Englischen f\u00fcr Pudel, Lizzy, sie ist mein Hund und Fotomodel, ist ein Pudel und steht auch hier auf der Seite im Mittelpunkt. Auch sie bekam 2019 einen eigenen Account <strong>blackpoodle_lizzy<\/strong>.<\/p>\n\n\n\n<p>Diese Punkte findet ihr alle hier wieder, Lizzy hat ihre eigene Seite auf der Homepage (<a href=\"https:\/\/charlyblog.de\/index.php\/lizzy\/\">https:\/\/charlyblog.de\/index.php\/lizzy\/<\/a> ), es gibt eine Seite, wo ich euch meine Naturbilder zeige (<a href=\"https:\/\/charlyblog.de\/index.php\/naturbilder\/\">https:\/\/charlyblog.de\/index.php\/naturbilder\/<\/a>) und noch vieles weitere. <\/p>\n\n\n\n<p>Schau dich ruhig um und hinterlasse gerne ein Feedback. Ich freue mich \u00fcber jeden Kommentar. <\/p>\n\n\n\n<p>LG Charly<\/p>\n","protected":false},"excerpt":{"rendered":"<p>Hallo Du, Sch\u00f6n, dass du den Weg zu meiner Seite gefunden hast. Jetzt willst du sicherlich mehr \u00fcber mich erfahren. Wo soll ich anfangen&#8230; Ich bin Charlotte Gl\u00e4ser und eine Studentin aus Hessen. Ich studiere seit dem Wintersemester 19\/20 Biologie gymnasial Lehramt und ab dem Wintersemester 20\/21 ist Deutsch mein zweites Fach. Biologie war schon [&hellip;]<\/p>\n","protected":false},"author":2,"featured_media":0,"parent":0,"menu_order":1,"comment_status":"open","ping_status":"closed","template":"","meta":{"footnotes":""},"class_list":["post-68","page","type-page","status-publish","hentry"],"_links":{"self":[{"href":"https:\/\/charlyblog.de\/index.php\/wp-json\/wp\/v2\/pages\/68","targetHints":{"allow":["GET"]}}],"collection":[{"href":"https:\/\/charlyblog.de\/index.php\/wp-json\/wp\/v2\/pages"}],"about":[{"href":"https:\/\/charlyblog.de\/index.php\/wp-json\/wp\/v2\/types\/page"}],"author":[{"embeddable":true,"href":"https:\/\/charlyblog.de\/index.php\/wp-json\/wp\/v2\/users\/2"}],"replies":[{"embeddable":true,"href":"https:\/\/charlyblog.de\/index.php\/wp-json\/wp\/v2\/comments?post=68"}],"version-history":[{"count":22,"href":"https:\/\/charlyblog.de\/index.php\/wp-json\/wp\/v2\/pages\/68\/revisions"}],"predecessor-version":[{"id":557,"href":"https:\/\/charlyblog.de\/index.php\/wp-json\/wp\/v2\/pages\/68\/revisions\/557"}],"wp:attachment":[{"href":"https:\/\/charlyblog.de\/index.php\/wp-json\/wp\/v2\/media?parent=68"}],"curies":[{"name":"wp","href":"https:\/\/api.w.org\/{rel}","templated":true}]}}