{"id":102,"date":"2020-02-28T11:30:35","date_gmt":"2020-02-28T10:30:35","guid":{"rendered":"https:\/\/charlyblog.de\/?page_id=102"},"modified":"2021-03-11T13:30:43","modified_gmt":"2021-03-11T12:30:43","slug":"haarpflegetipps","status":"publish","type":"page","link":"https:\/\/charlyblog.de\/index.php\/haarpflegetipps\/","title":{"rendered":"10 Tipps f\u00fcr ges\u00fcndere Haare"},"content":{"rendered":"\n<h2 class=\"wp-block-heading\">10.Tipp: Achtung: F\u00fcnf Gefahren f\u00fcr die Haare!!!<\/h2>\n\n\n\n<ol class=\"wp-block-list\"><li>Wie im 1. und 2.Tipp erw\u00e4hnt sind scharfkantige Dinge gef\u00e4hrlich f\u00fcr die Haare. Somit sollte man Metallrei\u00dfverschl\u00fcsse, scharfkantige Haargummis, Spangen und K\u00e4mme vermeiden.<\/li><li>Hitze, ob nun aus dem F\u00f6hn oder vom Gl\u00e4tteisen und Lockenstab, ist sch\u00e4dlich f\u00fcr die Haare<\/li><li>Das geht alles gegen den Strich- Die Haare zu toupieren und generell gegen den Strich zu K\u00e4mmen sollte man wirklich vermeiden.<\/li><li>Haarspray bringt zwar Volumen und hilft dabei Frisuren zu erhalten, aber man sollte es auch nicht \u00fcbertreiben bzw. zu oft nutzten.<\/li><li>Kamille kann zwar gesund sein, aber nicht im Shampoo. Kamillenshampoo trocknet die Haare aus.<\/li><\/ol>\n\n\n\n<h2 class=\"wp-block-heading\">9.Tipp:Was tun bei fettigen Haaren?<\/h2>\n\n\n\n<p>Nat\u00fcrlich kommt einem sofort in den Kopf, dass man dann die Haare doch einfach waschen kann. Aber wie wir im 4.Tipp gelernt hat, ist zu h\u00e4ufiges Haare waschen nicht gerade f\u00f6rderlich und kann sogar bewirken, dass die Haare nur noch schneller wieder fettig werden.<\/p>\n\n\n\n<p>Also was gibt es f\u00fcr Alternativen? <\/p>\n\n\n\n<ol class=\"wp-block-list\"><li>Trockenshampoo<\/li><li>Frisuren, die vorteilhaft bei fettigen Haaren sind.<\/li><li>Allerletzte L\u00f6sung ist eine M\u00fctze oder Kappe<\/li><\/ol>\n\n\n\n<p>Trockenshampoo sollte die letzte L\u00f6sung sein, wenn es wirklich nicht mehr anders geht. Denn Trockenshampoo trocknet die Kopfhaut und die Haare aus. <\/p>\n\n\n\n<p>Ich habe so manche Frisur in meiner Pubert\u00e4t entwickelt, die die fettigen Haare verschleiert hat. Also einen Badhairday zu einem Goodhairday gemacht.<\/p>\n\n\n\n<p>Fr\u00fcher habe ich mir immer einen franz\u00f6sischen Zopf geflochten, aber dabei musste man gut darauf achten, dass man die Haare gut nach hinten b\u00fcrstet und den Zopf fest flechtet. <\/p>\n\n\n\n<p>Dann habe ich immer einen Pferdeschwanz gemacht und die Haare dann geflochten. Dabei ist wieder das ordentliche nach hinten b\u00fcrsten der Haare wichtig und dass der Zopf m\u00f6glichst hoch ist.<\/p>\n\n\n\n<p>Schlie\u00dflich wurde meine Lieblingsfrisur zwei franz\u00f6sisch geflochtene Z\u00f6pfe. Dadurch, dass am Kopf geflochten ist, erkennt man nicht wirklich, dass die Haare fettig sind und die Frisur ist auch ideal f\u00fcr den Sommer, da sie die Haare aus dem Gesicht h\u00e4lt. Auch hier sollte die Haare gut durchgek\u00e4mmt und fest geflochten werden.<\/p>\n\n\n\n<p>Wenn nichts mehr hilft, dann hilft nur noch eine M\u00fctze, vor allem im Winter beim Einkaufen mein Favorit.:)<\/p>\n\n\n\n<h2 class=\"wp-block-heading\">8.Tipp: Haare trocknen<\/h2>\n\n\n\n<p>Ich habe am liebsten den Sommer, wo man die Haare in der Sonne trocknen kann und nicht f\u00f6hnen muss&#8230;<br>Im Winter setzte ich mich am liebsten vor den Holzofen und trockne so meine Haare, nat\u00fcrlich ben\u00f6tige ich daf\u00fcr auch eine gewisse Zeit (mindestens 30 Minuten). <\/p>\n\n\n\n<p>Aber was ist, wenn man nicht so viel Zeit hat und es Winter ist? <br>Dann muss man die Haare f\u00f6hnen, besser gesagt ich muss das machen, sonst erk\u00e4lte ich mich (ich wei\u00df, dass viele diesen Zusammenhang f\u00fcr einen Mythos halten). Beim F\u00f6hnen gibt es auch einige Punkte zu beachten&#8230;<\/p>\n\n\n\n<ol class=\"wp-block-list\"><li>Nicht zu hei\u00df f\u00f6hnen<\/li><li>mit dem Strich f\u00f6hnen<\/li><li>nicht zu nah den F\u00f6hn an die Haare halten<\/li><\/ol>\n\n\n\n<p>Ein Vorteil vom Sonnentrocknen im Sommer ist, dass durch die Sonne das Wasser in den Haaren oxidiert und somit die Haare heller werden, ohne dass man irgendwelche chemischen Bleichmittel anwenden muss.<\/p>\n\n\n\n<h2 class=\"wp-block-heading\">7.Tipp: Kur<\/h2>\n\n\n\n<p>Die Kur ist das Pflegemittel Nummer eins. Auch hier gibt es eine riesen Auswahl an Produkten, die alle ihre Vorz\u00fcge haben. Meist gibt es eine passende Kur zu einem Shampoo und einer Sp\u00fclung. <\/p>\n\n\n\n<p>Eine Kur, die ich weiterempfehlen w\u00fcrde ist die Pferdemarkkur. Ich will keine genaue  Marke nennen, weil es sonst Werbung w\u00e4re. <\/p>\n\n\n\n<p>Zur Anwendung der Kur l\u00e4sst sich sagen, dass sie sowohl auf dem Kopf wie auch in den L\u00e4ngen und Spitzen aufgetragen wird. Somit Pflegt sie die gesamte Haarpracht und die Kopfhaut. Mir pers\u00f6nlich hat es sehr geholfen, als ich eine trockene Kopfhaut hatte. Jetzt hei\u00dft es einwirken lassen. Am besten mindestens eine Minute einwirken, bevor sie ausgesp\u00fclt wird. Die Anwendung der Kur kann zwischen Shampoo und Sp\u00fclung stattfinden, dort sind die Schuppen der Haare einzeln, oder nach der Sp\u00fclung, hier pflegt sie auch die Haare. Die Wassertemperatur sollte auch hierbei nicht zu hoch sein, also eher im kalten bis lauwarmen Bereich.<\/p>\n\n\n\n<p>Aber zu beachten ist, dass es auch Kur gibt, die nicht zum aussp\u00fclen ist. Dort sollte man sich an die Anwendungsanweisungen auf der Verpackung halten. <\/p>\n\n\n\n<h2 class=\"wp-block-heading\">6.Tipp: Sp\u00fclung bzw. Conditioner<\/h2>\n\n\n\n<p>Manche sagen, dass Sp\u00fclung und Conditioner das Gleiche sind, andere sagen, dass es Unterschiede gibt. Wir betrachten es jetzt als das Gleiche. Die Sp\u00fclung ist sehr wichtig, da sie die Schuppenschicht der einzelnen Haare verschlie\u00dft und die Haare somit vor Spliss und weiteren Sch\u00e4den wie Austrocknung sch\u00fctzt. <\/p>\n\n\n\n<p>Die Auswahl von der Sp\u00fclung ist abh\u00e4ngig von der Auswahl vom Shampoo, also meist harmonieren das Shampoo und die Sp\u00fclung am besten mit einander, wenn sie auch zusammen verkauft wurden. Wie immer ist auch hier nicht m\u00f6glich, dass ich euch eine bestimmte Sp\u00fclung empfehlen kann. Ihr testet am besten einfach die Sp\u00fclung gemeinsam mit dem Shampoo.<\/p>\n\n\n\n<p>Zur Anwendung l\u00e4sst sich sagen, dass die Sp\u00fclung vor allem in den L\u00e4ngen und Spitzen einmassiert werden sollte. Dann am besten eine kurze Zeitspanne einwirken lassen und anschlie\u00dfend mit lauwarmen oder kalten Wasser aussp\u00fclen. Besser kein hei\u00dfes Wasser verwenden, dieses trocknet die die Kopfhaut aus und sch\u00e4digt somit die Haare. <\/p>\n\n\n\n<h2 class=\"wp-block-heading\">5.Tipp: Shampoo<\/h2>\n\n\n\n<p>Jeder ist individuell und ver\u00e4ndert sich auch im Leben. Deshalb kann ich euch keine genauen Shampoos empfehlen. Aber ich kann euch von meinen Erfahrungen berichten. Fr\u00fcher hatten wird ein ganz bestimmtes Shampoo, welches wir Jahrelang verwendet haben. Leider wurde es aus dem Programm genommen. Somit begann die Suche nach einer Alternative&#8230; Inzwischen haben wir eine Ansammlung an verschiedenen Shampoos. Immer wieder hatten wir das Gef\u00fchl, dass dieses Shampoo oder jenes das Richtige sein k\u00f6nnte, leider wurden wir immer wieder nach drei- oder viermal nutzen entt\u00e4uscht. Als wir eins gefunden hatten, was uns zufriedengestellt hat, wurde die Rezeptur ge\u00e4ndert und es war nicht mehr gut. Momentan ist unsere Routine, dass wir immer wieder das Shampoo nach ein paar mal Nutzung wechseln. Wir haben ja gen\u00fcgend zur Auswahl. (Mit &#8222;wir&#8220; meine ich meine Mutter und mich.)<\/p>\n\n\n\n<p>Ihr seht, es ist wirklich schwierig das perfekte Shampoo zu finden. Ihr solltet darauf achten, was die Inhaltsstoffe sind. Wir nutzen gerne Shampoo mit Keratin, was auch der Stoff ist aus dem Haare bestehen. Auch ein wichtiger Inhaltsstoff sind Silikone. Sie sind ein sehr umstrittener Inhaltsstoff. Immer wieder gibt es Phasen, wo es gehypt wird und dann wieder welche, wo es verteufelt wird. Ihr solltet f\u00fcr euch selber entscheiden, wie es auf die Haare wirkt.<\/p>\n\n\n\n<p>Nicht zu empfehlen ist auf jeden Fall Shampoo, welches Kamille enth\u00e4lt. Denn die Kamille wirkt zwar aufhellend auf die Haare, sch\u00e4digt diese aber auch indem sie es austrocknet und somit Abbruchgefahr besteht. <\/p>\n\n\n\n<p>Zur Anwendung des Shampoos l\u00e4sst sich sagen, dass erst die Haare nass gemacht werden sollten. Anschlie\u00dfend das Shampoo nur auf dem Kopf einmassieren, mit Hilfe der Fingerspitzen. Somit pflegt man auch gleichzeitig die Kopfhaut, weil die Massage die Durchblutung dieser anregt. So lange einmassieren, bis das Shampoo schaumig ist. Schlie\u00dflich aussp\u00fclen, beim Aussp\u00fclen des Shampoos reinigt man gleichzeitig auch die L\u00e4ngen und Spitzen. Die Anwendung zweimal wiederholen.<\/p>\n\n\n\n<h2 class=\"wp-block-heading\">4.Tipp: Haare waschen<\/h2>\n\n\n\n<p>Passend zum 3.Tipp l\u00e4sst sich sagen, dass es nicht gut ist, wenn man zu oft also t\u00e4glich oder jeden zweiten Tag die Haare w\u00e4scht. Der Sinn vom Haare waschen ist es vor allem zu verhindern, dass man fettige Haare hat, aber man bewirkt mit zu oft Haare waschen das Gegenteil. Die Talgdr\u00fcsen der Kopfhaut werden dazu angeregt nur noch mehr Talg zu produzieren und somit befindet man sich in einem Teufelskreis, weil die Haare nur noch schneller fettig werden.<\/p>\n\n\n\n<p>Also g\u00f6nnt euren Haaren eine Pause vom Haarewaschen und tragt lieber einen Pferdeschwanz oder eine Frisur, ich werde dazu noch mehr Tipps geben&#8230;<\/p>\n\n\n\n<h2 class=\"wp-block-heading\">3.Tipp: Naturborstenb\u00fcrste<\/h2>\n\n\n\n<p>Die beste Art und Weise die Haare zu pflegen ist, mit einer Naturborstenb\u00fcste die Haare zu b\u00fcrsten. So verteilt man das k\u00f6rpereigene Pflegemittel, den Talg, der auf der Kopfhaut entsteht, in den L\u00e4ngen und Spitzen der Haare. <\/p>\n\n\n\n<h2 class=\"wp-block-heading\">2.Tipp: scharfkantige Haargummis<\/h2>\n\n\n\n\n\n<p>Wenn wir schon bei scharfkantigen Dingen sind, die den Haaren schaden k\u00f6nnen, dann gehen wir weiter zu scharfkantigen Haargummis. Auch diese k\u00f6nnen den Haaren schaden. Deshalb achtet darauf, dass die Haargummis kein Metall haben bzw. keine scharfkantigen &#8222;Verklebungen&#8220; haben.<\/p>\n\n\n\n<h2 class=\"wp-block-heading\">1.Tipp: Metallrei\u00dfverschl\u00fcsse<\/h2>\n\n\n\n<p>Wir fangen bei den Grundlagen an, denn es ist schwer einen Anfang zu finden.<\/p>\n\n\n\n<p>Wenn ich shoppen bin, dann verzichte ich auf so manche sch\u00f6ne Lederjacke, so manches Kleid usw. Jetzt ist die Frage: Warum?<\/p>\n\n\n\n<p>Es liegt an den Rei\u00dfverschl\u00fcssen. Es gibt Rei\u00dfverschl\u00fcsse aus Plastik, aber auch aus Metall. Ja, Metall sieht in vielen Situationen besser  aus, aber leider ist es auch sehr scharfkantig. Haare k\u00f6nnen schnell abbrechen oder kaputt gehen und leider sind dahingehend die scharfkantigen Rei\u00dfverschl\u00fcsse aus Metall ein Problem, das die Haare somit gesch\u00e4digt werden. Deshalb sollte man auf Plastikrei\u00dfverschl\u00fcsse umsteigen und im Gesch\u00e4ft auf nochmal nachpr\u00fcfen, ob sich die Rei\u00dfverschl\u00fcsse scharfkantig sind. <\/p>\n\n\n\n<p><\/p>\n\n\n\n<p><\/p>\n","protected":false},"excerpt":{"rendered":"<p>10.Tipp: Achtung: F\u00fcnf Gefahren f\u00fcr die Haare!!! Wie im 1. und 2.Tipp erw\u00e4hnt sind scharfkantige Dinge gef\u00e4hrlich f\u00fcr die Haare. Somit sollte man Metallrei\u00dfverschl\u00fcsse, scharfkantige Haargummis, Spangen und K\u00e4mme vermeiden. Hitze, ob nun aus dem F\u00f6hn oder vom Gl\u00e4tteisen und Lockenstab, ist sch\u00e4dlich f\u00fcr die Haare Das geht alles gegen den Strich- Die Haare zu [&hellip;]<\/p>\n","protected":false},"author":2,"featured_media":0,"parent":0,"menu_order":4,"comment_status":"closed","ping_status":"closed","template":"","meta":{"footnotes":""},"class_list":["post-102","page","type-page","status-publish","hentry"],"_links":{"self":[{"href":"https:\/\/charlyblog.de\/index.php\/wp-json\/wp\/v2\/pages\/102","targetHints":{"allow":["GET"]}}],"collection":[{"href":"https:\/\/charlyblog.de\/index.php\/wp-json\/wp\/v2\/pages"}],"about":[{"href":"https:\/\/charlyblog.de\/index.php\/wp-json\/wp\/v2\/types\/page"}],"author":[{"embeddable":true,"href":"https:\/\/charlyblog.de\/index.php\/wp-json\/wp\/v2\/users\/2"}],"replies":[{"embeddable":true,"href":"https:\/\/charlyblog.de\/index.php\/wp-json\/wp\/v2\/comments?post=102"}],"version-history":[{"count":10,"href":"https:\/\/charlyblog.de\/index.php\/wp-json\/wp\/v2\/pages\/102\/revisions"}],"predecessor-version":[{"id":590,"href":"https:\/\/charlyblog.de\/index.php\/wp-json\/wp\/v2\/pages\/102\/revisions\/590"}],"wp:attachment":[{"href":"https:\/\/charlyblog.de\/index.php\/wp-json\/wp\/v2\/media?parent=102"}],"curies":[{"name":"wp","href":"https:\/\/api.w.org\/{rel}","templated":true}]}}